{"id":569,"date":"2016-02-22T16:03:52","date_gmt":"2016-02-22T15:03:52","guid":{"rendered":"http:\/\/marneantic.com\/index.php\/produit\/7-verres-de-table-graves-debut-20eme\/"},"modified":"2016-02-22T16:07:06","modified_gmt":"2016-02-22T15:07:06","slug":"7-verres-de-table-graves-debut-20eme","status":"publish","type":"product","link":"https:\/\/marneantic.com\/index.php\/produit\/7-verres-de-table-graves-debut-20eme\/","title":{"rendered":"7 verres de table grav\u00e9s d\u00e9but 20eme"},"content":{"rendered":"","protected":false},"excerpt":{"rendered":"<p>S\u00e9rie de 7 verres grav\u00e9s d\u00e9but 20eme,en tr\u00e8s bon \u00e9tat,hauteur:11.5cm,diam\u00e8tre buvant:5.3cm<\/p>\n","protected":false},"featured_media":571,"comment_status":"closed","ping_status":"closed","template":"","meta":{"_et_pb_use_builder":"","_et_pb_old_content":"","_et_gb_content_width":""},"product_cat":[10,11],"product_tag":[],"_links":{"self":[{"href":"https:\/\/marneantic.com\/index.php\/wp-json\/wp\/v2\/product\/569"}],"collection":[{"href":"https:\/\/marneantic.com\/index.php\/wp-json\/wp\/v2\/product"}],"about":[{"href":"https:\/\/marneantic.com\/index.php\/wp-json\/wp\/v2\/types\/product"}],"replies":[{"embeddable":true,"href":"https:\/\/marneantic.com\/index.php\/wp-json\/wp\/v2\/comments?post=569"}],"wp:featuredmedia":[{"embeddable":true,"href":"https:\/\/marneantic.com\/index.php\/wp-json\/wp\/v2\/media\/571"}],"wp:attachment":[{"href":"https:\/\/marneantic.com\/index.php\/wp-json\/wp\/v2\/media?parent=569"}],"wp:term":[{"taxonomy":"product_cat","embeddable":true,"href":"https:\/\/marneantic.com\/index.php\/wp-json\/wp\/v2\/product_cat?post=569"},{"taxonomy":"product_tag","embeddable":true,"href":"https:\/\/marneantic.com\/index.php\/wp-json\/wp\/v2\/product_tag?post=569"}],"curies":[{"name":"wp","href":"https:\/\/api.w.org\/{rel}","templated":true}]}}