{"id":6095,"date":"2018-07-10T14:36:09","date_gmt":"2018-07-10T13:36:09","guid":{"rendered":"https:\/\/marneantic.com\/?post_type=product&#038;p=6095"},"modified":"2019-08-09T07:29:11","modified_gmt":"2019-08-09T06:29:11","slug":"coffretnecessaire-a-boire-pour-nourrisson-en-metal-argente-art-deco","status":"publish","type":"product","link":"https:\/\/marneantic.com\/index.php\/produit\/coffretnecessaire-a-boire-pour-nourrisson-en-metal-argente-art-deco\/","title":{"rendered":"Coffret:n\u00e9cessaire a boire pour nourrisson en m\u00e9tal argent\u00e9 art-d\u00e9co"},"content":{"rendered":"","protected":false},"excerpt":{"rendered":"<p>Coffret:n\u00e9cessaire a boire(orange press\u00e9e) pour nourrisson en m\u00e9tal argent\u00e9 poinconn\u00e9,en bon \u00e9tat(le gobelet a une petite bosse a la base)en \u00e9crin d&rsquo;origine(\u00e9crin tach\u00e9)hauteur gobelet:5.5cm,diam\u00e8tre:4.8cm<\/p>\n","protected":false},"featured_media":6098,"comment_status":"open","ping_status":"closed","template":"","meta":{"_et_pb_use_builder":"","_et_pb_old_content":"","_et_gb_content_width":""},"product_cat":[13,12,10,44],"product_tag":[],"_links":{"self":[{"href":"https:\/\/marneantic.com\/index.php\/wp-json\/wp\/v2\/product\/6095"}],"collection":[{"href":"https:\/\/marneantic.com\/index.php\/wp-json\/wp\/v2\/product"}],"about":[{"href":"https:\/\/marneantic.com\/index.php\/wp-json\/wp\/v2\/types\/product"}],"replies":[{"embeddable":true,"href":"https:\/\/marneantic.com\/index.php\/wp-json\/wp\/v2\/comments?post=6095"}],"wp:featuredmedia":[{"embeddable":true,"href":"https:\/\/marneantic.com\/index.php\/wp-json\/wp\/v2\/media\/6098"}],"wp:attachment":[{"href":"https:\/\/marneantic.com\/index.php\/wp-json\/wp\/v2\/media?parent=6095"}],"wp:term":[{"taxonomy":"product_cat","embeddable":true,"href":"https:\/\/marneantic.com\/index.php\/wp-json\/wp\/v2\/product_cat?post=6095"},{"taxonomy":"product_tag","embeddable":true,"href":"https:\/\/marneantic.com\/index.php\/wp-json\/wp\/v2\/product_tag?post=6095"}],"curies":[{"name":"wp","href":"https:\/\/api.w.org\/{rel}","templated":true}]}}