{"id":6184,"date":"2018-07-13T10:23:41","date_gmt":"2018-07-13T09:23:41","guid":{"rendered":"https:\/\/marneantic.com\/?post_type=product&#038;p=6184"},"modified":"2018-07-13T10:30:29","modified_gmt":"2018-07-13T09:30:29","slug":"verre-a-cognac-en-cristal-de-sevres","status":"publish","type":"product","link":"https:\/\/marneantic.com\/index.php\/produit\/verre-a-cognac-en-cristal-de-sevres\/","title":{"rendered":"Verre a cognac en cristal de S\u00c8VRES"},"content":{"rendered":"","protected":false},"excerpt":{"rendered":"<p>Verre a cognac en cristal de S\u00e8vres,estampill\u00e9,en tr\u00e8s bon \u00e9tat,hauteur:11cm,diam\u00e8tre du buvant:4.5cm,diam\u00e8tre du pied:6cm<\/p>\n","protected":false},"featured_media":6187,"comment_status":"closed","ping_status":"closed","template":"","meta":{"_et_pb_use_builder":"","_et_pb_old_content":"","_et_gb_content_width":""},"product_cat":[10,11],"product_tag":[],"_links":{"self":[{"href":"https:\/\/marneantic.com\/index.php\/wp-json\/wp\/v2\/product\/6184"}],"collection":[{"href":"https:\/\/marneantic.com\/index.php\/wp-json\/wp\/v2\/product"}],"about":[{"href":"https:\/\/marneantic.com\/index.php\/wp-json\/wp\/v2\/types\/product"}],"replies":[{"embeddable":true,"href":"https:\/\/marneantic.com\/index.php\/wp-json\/wp\/v2\/comments?post=6184"}],"wp:featuredmedia":[{"embeddable":true,"href":"https:\/\/marneantic.com\/index.php\/wp-json\/wp\/v2\/media\/6187"}],"wp:attachment":[{"href":"https:\/\/marneantic.com\/index.php\/wp-json\/wp\/v2\/media?parent=6184"}],"wp:term":[{"taxonomy":"product_cat","embeddable":true,"href":"https:\/\/marneantic.com\/index.php\/wp-json\/wp\/v2\/product_cat?post=6184"},{"taxonomy":"product_tag","embeddable":true,"href":"https:\/\/marneantic.com\/index.php\/wp-json\/wp\/v2\/product_tag?post=6184"}],"curies":[{"name":"wp","href":"https:\/\/api.w.org\/{rel}","templated":true}]}}

Verre a cognac en cristal de SÈVRES

<p>Verre a cognac en cristal de Sèvres,estampillé,en très bon état,hauteur:11cm,diamètre du buvant:4.5cm,diamètre du pied:6cm</p>
