{"id":620,"date":"2016-02-24T16:12:01","date_gmt":"2016-02-24T15:12:01","guid":{"rendered":"http:\/\/marneantic.com\/?post_type=product&#038;p=620"},"modified":"2024-06-09T16:01:06","modified_gmt":"2024-06-09T15:01:06","slug":"dejeuner-ancien-porcelaine-limoges","status":"publish","type":"product","link":"https:\/\/marneantic.com\/index.php\/produit\/dejeuner-ancien-porcelaine-limoges\/","title":{"rendered":"D\u00e9jeuner ancien porcelaine Limoges"},"content":{"rendered":"","protected":false},"excerpt":{"rendered":"<p>D\u00e9jeuner ancien en porcelaine de Limoges,en parfait \u00e9tat,tasse diametre:12cm,hauteur:5.3cm,soucoupe diametre:17cm<\/p>\n","protected":false},"featured_media":621,"comment_status":"closed","ping_status":"closed","template":"","meta":{"_et_pb_use_builder":"","_et_pb_old_content":"","_et_gb_content_width":""},"product_cat":[26,7],"product_tag":[],"_links":{"self":[{"href":"https:\/\/marneantic.com\/index.php\/wp-json\/wp\/v2\/product\/620"}],"collection":[{"href":"https:\/\/marneantic.com\/index.php\/wp-json\/wp\/v2\/product"}],"about":[{"href":"https:\/\/marneantic.com\/index.php\/wp-json\/wp\/v2\/types\/product"}],"replies":[{"embeddable":true,"href":"https:\/\/marneantic.com\/index.php\/wp-json\/wp\/v2\/comments?post=620"}],"wp:featuredmedia":[{"embeddable":true,"href":"https:\/\/marneantic.com\/index.php\/wp-json\/wp\/v2\/media\/621"}],"wp:attachment":[{"href":"https:\/\/marneantic.com\/index.php\/wp-json\/wp\/v2\/media?parent=620"}],"wp:term":[{"taxonomy":"product_cat","embeddable":true,"href":"https:\/\/marneantic.com\/index.php\/wp-json\/wp\/v2\/product_cat?post=620"},{"taxonomy":"product_tag","embeddable":true,"href":"https:\/\/marneantic.com\/index.php\/wp-json\/wp\/v2\/product_tag?post=620"}],"curies":[{"name":"wp","href":"https:\/\/api.w.org\/{rel}","templated":true}]}}