{"id":6296,"date":"2018-07-19T13:23:17","date_gmt":"2018-07-19T12:23:17","guid":{"rendered":"https:\/\/marneantic.com\/?post_type=product&#038;p=6296"},"modified":"2018-07-19T13:29:08","modified_gmt":"2018-07-19T12:29:08","slug":"flute-a-champagne-ancienne-19eme","status":"publish","type":"product","link":"https:\/\/marneantic.com\/index.php\/produit\/flute-a-champagne-ancienne-19eme\/","title":{"rendered":"Fl\u00fbte a champagne ancienne 19eme"},"content":{"rendered":"","protected":false},"excerpt":{"rendered":"<p>Fl\u00fbte a champagne ancienne(fin 19eme)d\u00e9cor a 8 pans coup\u00e9s sur la base du contenant,en tr\u00e8s bon \u00e9tat,hauteur:16.2cm,diam\u00e8tre du buvant:5.5cm,diam\u00e8tre du pied:6.5cm<\/p>\n","protected":false},"featured_media":6298,"comment_status":"closed","ping_status":"closed","template":"","meta":{"_et_pb_use_builder":"","_et_pb_old_content":"","_et_gb_content_width":""},"product_cat":[10,11],"product_tag":[],"_links":{"self":[{"href":"https:\/\/marneantic.com\/index.php\/wp-json\/wp\/v2\/product\/6296"}],"collection":[{"href":"https:\/\/marneantic.com\/index.php\/wp-json\/wp\/v2\/product"}],"about":[{"href":"https:\/\/marneantic.com\/index.php\/wp-json\/wp\/v2\/types\/product"}],"replies":[{"embeddable":true,"href":"https:\/\/marneantic.com\/index.php\/wp-json\/wp\/v2\/comments?post=6296"}],"wp:featuredmedia":[{"embeddable":true,"href":"https:\/\/marneantic.com\/index.php\/wp-json\/wp\/v2\/media\/6298"}],"wp:attachment":[{"href":"https:\/\/marneantic.com\/index.php\/wp-json\/wp\/v2\/media?parent=6296"}],"wp:term":[{"taxonomy":"product_cat","embeddable":true,"href":"https:\/\/marneantic.com\/index.php\/wp-json\/wp\/v2\/product_cat?post=6296"},{"taxonomy":"product_tag","embeddable":true,"href":"https:\/\/marneantic.com\/index.php\/wp-json\/wp\/v2\/product_tag?post=6296"}],"curies":[{"name":"wp","href":"https:\/\/api.w.org\/{rel}","templated":true}]}}