{"id":6902,"date":"2018-10-08T15:27:10","date_gmt":"2018-10-08T14:27:10","guid":{"rendered":"https:\/\/marneantic.com\/?post_type=product&#038;p=6902"},"modified":"2018-10-08T15:40:33","modified_gmt":"2018-10-08T14:40:33","slug":"baccarat-coupe-a-champagne-ancienne-en-cristalmodele-jeux-dorgues","status":"publish","type":"product","link":"https:\/\/marneantic.com\/index.php\/produit\/baccarat-coupe-a-champagne-ancienne-en-cristalmodele-jeux-dorgues\/","title":{"rendered":"BACCARAT coupe a champagne ancienne en cristal,mod\u00e8le jeux d&rsquo;orgues"},"content":{"rendered":"","protected":false},"excerpt":{"rendered":"<p>Coupe a champagne ancienne en cristal de BACCARAT mod\u00e8le jeux d&rsquo;orgues,en tr\u00e8s bon \u00e9tat,hauteur:10cm,diam\u00e8tre du buvant:9.4cm,diam\u00e8tre du pied:7.5cm,estampill\u00e9 au dessous<\/p>\n","protected":false},"featured_media":6905,"comment_status":"closed","ping_status":"closed","template":"","meta":{"_et_pb_use_builder":"","_et_pb_old_content":"","_et_gb_content_width":""},"product_cat":[10,11],"product_tag":[],"_links":{"self":[{"href":"https:\/\/marneantic.com\/index.php\/wp-json\/wp\/v2\/product\/6902"}],"collection":[{"href":"https:\/\/marneantic.com\/index.php\/wp-json\/wp\/v2\/product"}],"about":[{"href":"https:\/\/marneantic.com\/index.php\/wp-json\/wp\/v2\/types\/product"}],"replies":[{"embeddable":true,"href":"https:\/\/marneantic.com\/index.php\/wp-json\/wp\/v2\/comments?post=6902"}],"wp:featuredmedia":[{"embeddable":true,"href":"https:\/\/marneantic.com\/index.php\/wp-json\/wp\/v2\/media\/6905"}],"wp:attachment":[{"href":"https:\/\/marneantic.com\/index.php\/wp-json\/wp\/v2\/media?parent=6902"}],"wp:term":[{"taxonomy":"product_cat","embeddable":true,"href":"https:\/\/marneantic.com\/index.php\/wp-json\/wp\/v2\/product_cat?post=6902"},{"taxonomy":"product_tag","embeddable":true,"href":"https:\/\/marneantic.com\/index.php\/wp-json\/wp\/v2\/product_tag?post=6902"}],"curies":[{"name":"wp","href":"https:\/\/api.w.org\/{rel}","templated":true}]}}