{"id":6968,"date":"2018-10-16T10:25:07","date_gmt":"2018-10-16T09:25:07","guid":{"rendered":"https:\/\/marneantic.com\/?post_type=product&#038;p=6968"},"modified":"2018-10-16T10:43:17","modified_gmt":"2018-10-16T09:43:17","slug":"couverts-anciens-en-metal-argenteen-ecrin","status":"publish","type":"product","link":"https:\/\/marneantic.com\/index.php\/produit\/couverts-anciens-en-metal-argenteen-ecrin\/","title":{"rendered":"Couverts anciens en m\u00e9tal argent\u00e9,en \u00e9crin"},"content":{"rendered":"","protected":false},"excerpt":{"rendered":"<p>Couverts anciens en m\u00e9tal argent\u00e9 poin\u00e7onn\u00e9,en tr\u00e8s bon \u00e9tat,proche du neuf,longueur:19cm,\u00e9crin d&rsquo;origine en bon \u00e9tat<\/p>\n","protected":false},"featured_media":6972,"comment_status":"closed","ping_status":"closed","template":"","meta":{"_et_pb_use_builder":"","_et_pb_old_content":"","_et_gb_content_width":""},"product_cat":[12,10,29],"product_tag":[],"_links":{"self":[{"href":"https:\/\/marneantic.com\/index.php\/wp-json\/wp\/v2\/product\/6968"}],"collection":[{"href":"https:\/\/marneantic.com\/index.php\/wp-json\/wp\/v2\/product"}],"about":[{"href":"https:\/\/marneantic.com\/index.php\/wp-json\/wp\/v2\/types\/product"}],"replies":[{"embeddable":true,"href":"https:\/\/marneantic.com\/index.php\/wp-json\/wp\/v2\/comments?post=6968"}],"wp:featuredmedia":[{"embeddable":true,"href":"https:\/\/marneantic.com\/index.php\/wp-json\/wp\/v2\/media\/6972"}],"wp:attachment":[{"href":"https:\/\/marneantic.com\/index.php\/wp-json\/wp\/v2\/media?parent=6968"}],"wp:term":[{"taxonomy":"product_cat","embeddable":true,"href":"https:\/\/marneantic.com\/index.php\/wp-json\/wp\/v2\/product_cat?post=6968"},{"taxonomy":"product_tag","embeddable":true,"href":"https:\/\/marneantic.com\/index.php\/wp-json\/wp\/v2\/product_tag?post=6968"}],"curies":[{"name":"wp","href":"https:\/\/api.w.org\/{rel}","templated":true}]}}