{"id":7199,"date":"2018-11-08T15:42:06","date_gmt":"2018-11-08T14:42:06","guid":{"rendered":"https:\/\/marneantic.com\/?post_type=product&#038;p=7199"},"modified":"2019-08-08T07:36:23","modified_gmt":"2019-08-08T06:36:23","slug":"plat-ancien-art-deco-en-faience-2","status":"publish","type":"product","link":"https:\/\/marneantic.com\/index.php\/produit\/plat-ancien-art-deco-en-faience-2\/","title":{"rendered":"Plat ancien art-d\u00e9co en fa\u00efence"},"content":{"rendered":"","protected":false},"excerpt":{"rendered":"<p>Plat ancien art-d\u00e9co en fa\u00efence,d\u00e9cor floral stylis\u00e9,en tr\u00e8s bon \u00e9tat,longueur:34.5cm,largeur:24.5cm,marque de fabrique inconnue<\/p>\n","protected":false},"featured_media":7200,"comment_status":"open","ping_status":"closed","template":"","meta":{"_et_pb_use_builder":"","_et_pb_old_content":"","_et_gb_content_width":""},"product_cat":[44,28,7],"product_tag":[],"_links":{"self":[{"href":"https:\/\/marneantic.com\/index.php\/wp-json\/wp\/v2\/product\/7199"}],"collection":[{"href":"https:\/\/marneantic.com\/index.php\/wp-json\/wp\/v2\/product"}],"about":[{"href":"https:\/\/marneantic.com\/index.php\/wp-json\/wp\/v2\/types\/product"}],"replies":[{"embeddable":true,"href":"https:\/\/marneantic.com\/index.php\/wp-json\/wp\/v2\/comments?post=7199"}],"wp:featuredmedia":[{"embeddable":true,"href":"https:\/\/marneantic.com\/index.php\/wp-json\/wp\/v2\/media\/7200"}],"wp:attachment":[{"href":"https:\/\/marneantic.com\/index.php\/wp-json\/wp\/v2\/media?parent=7199"}],"wp:term":[{"taxonomy":"product_cat","embeddable":true,"href":"https:\/\/marneantic.com\/index.php\/wp-json\/wp\/v2\/product_cat?post=7199"},{"taxonomy":"product_tag","embeddable":true,"href":"https:\/\/marneantic.com\/index.php\/wp-json\/wp\/v2\/product_tag?post=7199"}],"curies":[{"name":"wp","href":"https:\/\/api.w.org\/{rel}","templated":true}]}}

Plat ancien art-déco en faïence

<p>Plat ancien art-déco en faïence,décor floral stylisé,en très bon état,longueur:34.5cm,largeur:24.5cm,marque de fabrique inconnue</p>
