{"id":7451,"date":"2018-12-27T15:02:22","date_gmt":"2018-12-27T14:02:22","guid":{"rendered":"https:\/\/marneantic.com\/?post_type=product&#038;p=7451"},"modified":"2018-12-27T15:08:00","modified_gmt":"2018-12-27T14:08:00","slug":"bougeoir-ancien-en-opaline-de-foire-blanc","status":"publish","type":"product","link":"https:\/\/marneantic.com\/index.php\/produit\/bougeoir-ancien-en-opaline-de-foire-blanc\/","title":{"rendered":"Bougeoir ancien en opaline de foire blanc"},"content":{"rendered":"","protected":false},"excerpt":{"rendered":"<p>Bougeoir ancien en opaline de foire blanc,en tr\u00e8s bon \u00e9tat,hauteur:13.5cm,diam\u00e8tre:8cm,aucune marque de fabrique<\/p>\n","protected":false},"featured_media":7453,"comment_status":"closed","ping_status":"closed","template":"","meta":{"_et_pb_use_builder":"","_et_pb_old_content":"","_et_gb_content_width":""},"product_cat":[14,8],"product_tag":[],"_links":{"self":[{"href":"https:\/\/marneantic.com\/index.php\/wp-json\/wp\/v2\/product\/7451"}],"collection":[{"href":"https:\/\/marneantic.com\/index.php\/wp-json\/wp\/v2\/product"}],"about":[{"href":"https:\/\/marneantic.com\/index.php\/wp-json\/wp\/v2\/types\/product"}],"replies":[{"embeddable":true,"href":"https:\/\/marneantic.com\/index.php\/wp-json\/wp\/v2\/comments?post=7451"}],"wp:featuredmedia":[{"embeddable":true,"href":"https:\/\/marneantic.com\/index.php\/wp-json\/wp\/v2\/media\/7453"}],"wp:attachment":[{"href":"https:\/\/marneantic.com\/index.php\/wp-json\/wp\/v2\/media?parent=7451"}],"wp:term":[{"taxonomy":"product_cat","embeddable":true,"href":"https:\/\/marneantic.com\/index.php\/wp-json\/wp\/v2\/product_cat?post=7451"},{"taxonomy":"product_tag","embeddable":true,"href":"https:\/\/marneantic.com\/index.php\/wp-json\/wp\/v2\/product_tag?post=7451"}],"curies":[{"name":"wp","href":"https:\/\/api.w.org\/{rel}","templated":true}]}}