{"id":7600,"date":"2019-01-17T13:47:51","date_gmt":"2019-01-17T12:47:51","guid":{"rendered":"https:\/\/marneantic.com\/?post_type=product&#038;p=7600"},"modified":"2019-01-17T14:01:34","modified_gmt":"2019-01-17T13:01:34","slug":"carafe-ancienne-decora-la-grecque","status":"publish","type":"product","link":"https:\/\/marneantic.com\/index.php\/produit\/carafe-ancienne-decora-la-grecque\/","title":{"rendered":"Carafe ancienne d\u00e9cor\u00a0\u00bba la grecque\u00a0\u00bb"},"content":{"rendered":"","protected":false},"excerpt":{"rendered":"<p>Carafe ancienne,d\u00e9cor\u00a0\u00bba la grecque\u00a0\u00bb,en tr\u00e8s bon \u00e9tat,avec bouchon d&rsquo;origine(\u00e9clats sur la base de la partie rentrante du bouchon),hauteur totale:32cm,diametre:12cm<\/p>\n","protected":false},"featured_media":7603,"comment_status":"closed","ping_status":"closed","template":"","meta":{"_et_pb_use_builder":"","_et_pb_old_content":"","_et_gb_content_width":""},"product_cat":[10,11],"product_tag":[],"_links":{"self":[{"href":"https:\/\/marneantic.com\/index.php\/wp-json\/wp\/v2\/product\/7600"}],"collection":[{"href":"https:\/\/marneantic.com\/index.php\/wp-json\/wp\/v2\/product"}],"about":[{"href":"https:\/\/marneantic.com\/index.php\/wp-json\/wp\/v2\/types\/product"}],"replies":[{"embeddable":true,"href":"https:\/\/marneantic.com\/index.php\/wp-json\/wp\/v2\/comments?post=7600"}],"wp:featuredmedia":[{"embeddable":true,"href":"https:\/\/marneantic.com\/index.php\/wp-json\/wp\/v2\/media\/7603"}],"wp:attachment":[{"href":"https:\/\/marneantic.com\/index.php\/wp-json\/wp\/v2\/media?parent=7600"}],"wp:term":[{"taxonomy":"product_cat","embeddable":true,"href":"https:\/\/marneantic.com\/index.php\/wp-json\/wp\/v2\/product_cat?post=7600"},{"taxonomy":"product_tag","embeddable":true,"href":"https:\/\/marneantic.com\/index.php\/wp-json\/wp\/v2\/product_tag?post=7600"}],"curies":[{"name":"wp","href":"https:\/\/api.w.org\/{rel}","templated":true}]}}

Carafe ancienne décor »a la grecque »

<p>Carafe ancienne,décor »a la grecque »,en très bon état,avec bouchon d&rsquo;origine(éclats sur la base de la partie rentrante du bouchon),hauteur totale:32cm,diametre:12cm</p>
