{"id":7631,"date":"2019-01-22T14:58:48","date_gmt":"2019-01-22T13:58:48","guid":{"rendered":"https:\/\/marneantic.com\/?post_type=product&#038;p=7631"},"modified":"2022-02-06T15:59:49","modified_gmt":"2022-02-06T14:59:49","slug":"verre-de-table-ancien-ciseledecor-a-lagrecque","status":"publish","type":"product","link":"https:\/\/marneantic.com\/index.php\/produit\/verre-de-table-ancien-ciseledecor-a-lagrecque\/","title":{"rendered":"Verre de table ancien cisel\u00e9,d\u00e9cor a la\u00a0\u00bbgrecque\u00a0\u00bb"},"content":{"rendered":"","protected":false},"excerpt":{"rendered":"<p>Verre de table ancien cisel\u00e9,d\u00e9cor a la\u00a0\u00bbgrecque\u00a0\u00bb(d\u00e9but 20eme)en tr\u00e8s bon \u00e9tat,hauteur:12cm,diam\u00e8tre du buvant:5.8cm,diam\u00e8tre du pied:5.9cm<\/p>\n","protected":false},"featured_media":7634,"comment_status":"closed","ping_status":"closed","template":"","meta":{"_et_pb_use_builder":"","_et_pb_old_content":"","_et_gb_content_width":""},"product_cat":[10,11],"product_tag":[],"_links":{"self":[{"href":"https:\/\/marneantic.com\/index.php\/wp-json\/wp\/v2\/product\/7631"}],"collection":[{"href":"https:\/\/marneantic.com\/index.php\/wp-json\/wp\/v2\/product"}],"about":[{"href":"https:\/\/marneantic.com\/index.php\/wp-json\/wp\/v2\/types\/product"}],"replies":[{"embeddable":true,"href":"https:\/\/marneantic.com\/index.php\/wp-json\/wp\/v2\/comments?post=7631"}],"wp:featuredmedia":[{"embeddable":true,"href":"https:\/\/marneantic.com\/index.php\/wp-json\/wp\/v2\/media\/7634"}],"wp:attachment":[{"href":"https:\/\/marneantic.com\/index.php\/wp-json\/wp\/v2\/media?parent=7631"}],"wp:term":[{"taxonomy":"product_cat","embeddable":true,"href":"https:\/\/marneantic.com\/index.php\/wp-json\/wp\/v2\/product_cat?post=7631"},{"taxonomy":"product_tag","embeddable":true,"href":"https:\/\/marneantic.com\/index.php\/wp-json\/wp\/v2\/product_tag?post=7631"}],"curies":[{"name":"wp","href":"https:\/\/api.w.org\/{rel}","templated":true}]}}

Verre de table ancien ciselé,décor a la »grecque »

<p>Verre de table ancien ciselé,décor a la »grecque »(début 20eme)en très bon état,hauteur:12cm,diamètre du buvant:5.8cm,diamètre du pied:5.9cm</p>
