{"id":7798,"date":"2019-02-07T11:11:38","date_gmt":"2019-02-07T10:11:38","guid":{"rendered":"https:\/\/marneantic.com\/?post_type=product&#038;p=7798"},"modified":"2019-02-07T11:18:03","modified_gmt":"2019-02-07T10:18:03","slug":"grand-verre-de-table-ancien-cisele-3","status":"publish","type":"product","link":"https:\/\/marneantic.com\/index.php\/produit\/grand-verre-de-table-ancien-cisele-3\/","title":{"rendered":"Grand verre de table ancien cisel\u00e9"},"content":{"rendered":"","protected":false},"excerpt":{"rendered":"<p>grand verre de table ancien cisel\u00e9,(d\u00e9but 20eme)en tr\u00e8s bon \u00e9tat,hauteur:16.3cm,diam\u00e8tre du buvant:7.2cm,diam\u00e8tre du pied:7.3cm<\/p>\n","protected":false},"featured_media":7800,"comment_status":"closed","ping_status":"closed","template":"","meta":{"_et_pb_use_builder":"","_et_pb_old_content":"","_et_gb_content_width":""},"product_cat":[10,11],"product_tag":[],"_links":{"self":[{"href":"https:\/\/marneantic.com\/index.php\/wp-json\/wp\/v2\/product\/7798"}],"collection":[{"href":"https:\/\/marneantic.com\/index.php\/wp-json\/wp\/v2\/product"}],"about":[{"href":"https:\/\/marneantic.com\/index.php\/wp-json\/wp\/v2\/types\/product"}],"replies":[{"embeddable":true,"href":"https:\/\/marneantic.com\/index.php\/wp-json\/wp\/v2\/comments?post=7798"}],"wp:featuredmedia":[{"embeddable":true,"href":"https:\/\/marneantic.com\/index.php\/wp-json\/wp\/v2\/media\/7800"}],"wp:attachment":[{"href":"https:\/\/marneantic.com\/index.php\/wp-json\/wp\/v2\/media?parent=7798"}],"wp:term":[{"taxonomy":"product_cat","embeddable":true,"href":"https:\/\/marneantic.com\/index.php\/wp-json\/wp\/v2\/product_cat?post=7798"},{"taxonomy":"product_tag","embeddable":true,"href":"https:\/\/marneantic.com\/index.php\/wp-json\/wp\/v2\/product_tag?post=7798"}],"curies":[{"name":"wp","href":"https:\/\/api.w.org\/{rel}","templated":true}]}}