{"id":8337,"date":"2019-04-03T13:14:05","date_gmt":"2019-04-03T12:14:05","guid":{"rendered":"https:\/\/marneantic.com\/?post_type=product&#038;p=8337"},"modified":"2023-02-03T11:08:09","modified_gmt":"2023-02-03T10:08:09","slug":"cloche-en-verre-ancienne-portieux","status":"publish","type":"product","link":"https:\/\/marneantic.com\/index.php\/produit\/cloche-en-verre-ancienne-portieux\/","title":{"rendered":"Cloche en verre ancienne PORTIEUX"},"content":{"rendered":"","protected":false},"excerpt":{"rendered":"<p>Cloche en verre ancienne sign\u00e9e PORTIEUX,d\u00e9cor taille diamant en tr\u00e8s bon \u00e9tat,diam\u00e8tre:16.7cm,hauteur totale:14.5cm<\/p>\n","protected":false},"featured_media":8340,"comment_status":"open","ping_status":"closed","template":"","meta":{"_et_pb_use_builder":"","_et_pb_old_content":"","_et_gb_content_width":""},"product_cat":[13,10,11],"product_tag":[],"_links":{"self":[{"href":"https:\/\/marneantic.com\/index.php\/wp-json\/wp\/v2\/product\/8337"}],"collection":[{"href":"https:\/\/marneantic.com\/index.php\/wp-json\/wp\/v2\/product"}],"about":[{"href":"https:\/\/marneantic.com\/index.php\/wp-json\/wp\/v2\/types\/product"}],"replies":[{"embeddable":true,"href":"https:\/\/marneantic.com\/index.php\/wp-json\/wp\/v2\/comments?post=8337"}],"wp:featuredmedia":[{"embeddable":true,"href":"https:\/\/marneantic.com\/index.php\/wp-json\/wp\/v2\/media\/8340"}],"wp:attachment":[{"href":"https:\/\/marneantic.com\/index.php\/wp-json\/wp\/v2\/media?parent=8337"}],"wp:term":[{"taxonomy":"product_cat","embeddable":true,"href":"https:\/\/marneantic.com\/index.php\/wp-json\/wp\/v2\/product_cat?post=8337"},{"taxonomy":"product_tag","embeddable":true,"href":"https:\/\/marneantic.com\/index.php\/wp-json\/wp\/v2\/product_tag?post=8337"}],"curies":[{"name":"wp","href":"https:\/\/api.w.org\/{rel}","templated":true}]}}