{"id":8437,"date":"2019-04-10T13:00:01","date_gmt":"2019-04-10T12:00:01","guid":{"rendered":"https:\/\/marneantic.com\/?post_type=product&#038;p=8437"},"modified":"2019-05-03T14:43:46","modified_gmt":"2019-05-03T13:43:46","slug":"poudrier-ancien-metal-dore-rouge","status":"publish","type":"product","link":"https:\/\/marneantic.com\/index.php\/produit\/poudrier-ancien-metal-dore-rouge\/","title":{"rendered":"Poudrier ancien m\u00e9tal dor\u00e9\/rouge"},"content":{"rendered":"","protected":false},"excerpt":{"rendered":"<p>Poudrier ancien en m\u00e9tal dor\u00e9\u00a0 et d\u00e9cor rouge textur\u00e9 fa\u00e7on cuir,glace biseaut\u00e9e,en tr\u00e8s bon \u00e9tat,dimensions:7&#215;7.4cm<\/p>\n","protected":false},"featured_media":8440,"comment_status":"open","ping_status":"closed","template":"","meta":{"_et_pb_use_builder":"","_et_pb_old_content":"","_et_gb_content_width":""},"product_cat":[14],"product_tag":[],"_links":{"self":[{"href":"https:\/\/marneantic.com\/index.php\/wp-json\/wp\/v2\/product\/8437"}],"collection":[{"href":"https:\/\/marneantic.com\/index.php\/wp-json\/wp\/v2\/product"}],"about":[{"href":"https:\/\/marneantic.com\/index.php\/wp-json\/wp\/v2\/types\/product"}],"replies":[{"embeddable":true,"href":"https:\/\/marneantic.com\/index.php\/wp-json\/wp\/v2\/comments?post=8437"}],"wp:featuredmedia":[{"embeddable":true,"href":"https:\/\/marneantic.com\/index.php\/wp-json\/wp\/v2\/media\/8440"}],"wp:attachment":[{"href":"https:\/\/marneantic.com\/index.php\/wp-json\/wp\/v2\/media?parent=8437"}],"wp:term":[{"taxonomy":"product_cat","embeddable":true,"href":"https:\/\/marneantic.com\/index.php\/wp-json\/wp\/v2\/product_cat?post=8437"},{"taxonomy":"product_tag","embeddable":true,"href":"https:\/\/marneantic.com\/index.php\/wp-json\/wp\/v2\/product_tag?post=8437"}],"curies":[{"name":"wp","href":"https:\/\/api.w.org\/{rel}","templated":true}]}}