{"id":9296,"date":"2019-07-12T13:37:57","date_gmt":"2019-07-12T12:37:57","guid":{"rendered":"https:\/\/marneantic.com\/?post_type=product&#038;p=9296"},"modified":"2019-10-22T15:00:09","modified_gmt":"2019-10-22T14:00:09","slug":"porte-photo-art-deco-4","status":"publish","type":"product","link":"https:\/\/marneantic.com\/index.php\/produit\/porte-photo-art-deco-4\/","title":{"rendered":"Porte-photo art-d\u00e9co"},"content":{"rendered":"","protected":false},"excerpt":{"rendered":"<p>Porte-photo art-d\u00e9co en bois,en bon \u00e9tat avec 1 verre et carton sur l\u2019arri\u00e8re (14.2&#215;9.3cm),socle:15&#215;5.8cm<\/p>\n","protected":false},"featured_media":9298,"comment_status":"open","ping_status":"closed","template":"","meta":{"_et_pb_use_builder":"","_et_pb_old_content":"","_et_gb_content_width":""},"product_cat":[44,8],"product_tag":[],"_links":{"self":[{"href":"https:\/\/marneantic.com\/index.php\/wp-json\/wp\/v2\/product\/9296"}],"collection":[{"href":"https:\/\/marneantic.com\/index.php\/wp-json\/wp\/v2\/product"}],"about":[{"href":"https:\/\/marneantic.com\/index.php\/wp-json\/wp\/v2\/types\/product"}],"replies":[{"embeddable":true,"href":"https:\/\/marneantic.com\/index.php\/wp-json\/wp\/v2\/comments?post=9296"}],"wp:featuredmedia":[{"embeddable":true,"href":"https:\/\/marneantic.com\/index.php\/wp-json\/wp\/v2\/media\/9298"}],"wp:attachment":[{"href":"https:\/\/marneantic.com\/index.php\/wp-json\/wp\/v2\/media?parent=9296"}],"wp:term":[{"taxonomy":"product_cat","embeddable":true,"href":"https:\/\/marneantic.com\/index.php\/wp-json\/wp\/v2\/product_cat?post=9296"},{"taxonomy":"product_tag","embeddable":true,"href":"https:\/\/marneantic.com\/index.php\/wp-json\/wp\/v2\/product_tag?post=9296"}],"curies":[{"name":"wp","href":"https:\/\/api.w.org\/{rel}","templated":true}]}}

Porte-photo art-déco

<p>Porte-photo art-déco en bois,en bon état avec 1 verre et carton sur l’arrière (14.2&#215;9.3cm),socle:15&#215;5.8cm</p>
