{"id":9724,"date":"2019-10-08T14:49:44","date_gmt":"2019-10-08T13:49:44","guid":{"rendered":"https:\/\/marneantic.com\/?post_type=product&#038;p=9724"},"modified":"2019-10-08T14:56:18","modified_gmt":"2019-10-08T13:56:18","slug":"gros-cendrier-de-bar-ancien-publicitaire-vins-margnat-opaline","status":"publish","type":"product","link":"https:\/\/marneantic.com\/index.php\/produit\/gros-cendrier-de-bar-ancien-publicitaire-vins-margnat-opaline\/","title":{"rendered":"Gros cendrier de bar ancien publicitaire \u00ab\u00a0vins MARGNAT\u00a0\u00bb opaline"},"content":{"rendered":"","protected":false},"excerpt":{"rendered":"<p>Gros cendrier de bar ancien publicitaire \u00ab\u00a0vins MARGNAT\u00a0\u00bb en opaline,en tr\u00e8s bon \u00e9tat,cot\u00e9s:16x16cm,hauteur:6cm<\/p>\n","protected":false},"featured_media":9727,"comment_status":"closed","ping_status":"closed","template":"","meta":{"_et_pb_use_builder":"","_et_pb_old_content":"","_et_gb_content_width":""},"product_cat":[15],"product_tag":[],"_links":{"self":[{"href":"https:\/\/marneantic.com\/index.php\/wp-json\/wp\/v2\/product\/9724"}],"collection":[{"href":"https:\/\/marneantic.com\/index.php\/wp-json\/wp\/v2\/product"}],"about":[{"href":"https:\/\/marneantic.com\/index.php\/wp-json\/wp\/v2\/types\/product"}],"replies":[{"embeddable":true,"href":"https:\/\/marneantic.com\/index.php\/wp-json\/wp\/v2\/comments?post=9724"}],"wp:featuredmedia":[{"embeddable":true,"href":"https:\/\/marneantic.com\/index.php\/wp-json\/wp\/v2\/media\/9727"}],"wp:attachment":[{"href":"https:\/\/marneantic.com\/index.php\/wp-json\/wp\/v2\/media?parent=9724"}],"wp:term":[{"taxonomy":"product_cat","embeddable":true,"href":"https:\/\/marneantic.com\/index.php\/wp-json\/wp\/v2\/product_cat?post=9724"},{"taxonomy":"product_tag","embeddable":true,"href":"https:\/\/marneantic.com\/index.php\/wp-json\/wp\/v2\/product_tag?post=9724"}],"curies":[{"name":"wp","href":"https:\/\/api.w.org\/{rel}","templated":true}]}}